{"id":245,"date":"2020-02-08T14:17:30","date_gmt":"2020-02-08T13:17:30","guid":{"rendered":"https:\/\/skolexpress.no\/oasen\/?post_type=product&#038;p=245"},"modified":"2020-05-04T16:32:52","modified_gmt":"2020-05-04T14:32:52","slug":"oasen-classic-hoody-full-zip-ladies","status":"publish","type":"product","link":"https:\/\/skolexpress.no\/oasen\/produkt\/oasen-classic-hoody-full-zip-ladies\/","title":{"rendered":"OASEN CLASSIC HOODY FULL ZIP LADIES"},"content":{"rendered":"<p>Sweatshirt jakke med hette. To lommer i front med glidel\u00e5s og to innelommer.<br \/>\nMesh f\u00f4r i kontrast i hetten. 2&#215;2 stretch rib i nedekant og ermavslutning.<br \/>\nFlatlock s\u00f8mmer ton i ton. Tilpasset for hodetelefoner.<\/p>\n<table>\n<tbody>\n<tr>\n<td>Fabrics<\/td>\n<td>80% bomull, 20% polyester (bl\u00e5melert [565], gr\u00f8nnmelert [676] antrasitmelert [955] 60% bomull, 40% polyester. Gr\u00e5melert [95] 85% bomull 15% viskose)<\/td>\n<\/tr>\n<tr>\n<td>Gender<\/td>\n<td>Damer<\/td>\n<\/tr>\n<tr>\n<td>Vekt<\/td>\n<td>300 g\/m2<\/td>\n<\/tr>\n<\/tbody>\n<\/table>\n","protected":false},"excerpt":{"rendered":"<p>Sweatshirt jakke med hette. To lommer i front med glidel\u00e5s og to innelommer. Mesh f\u00f4r i kontrast i hetten. 2&#215;2 stretch rib i nedekant og ermavslutning. Flatlock s\u00f8mmer ton i ton. Tilpasset for hodetelefoner. Fabrics 80% bomull, 20% polyester (bl\u00e5melert [565], gr\u00f8nnmelert [676] antrasitmelert [955] 60% bomull, 40% polyester. Gr\u00e5melert [95] 85% bomull 15% viskose) [&hellip;]<\/p>\n","protected":false},"featured_media":1017,"comment_status":"closed","ping_status":"closed","template":"","meta":[],"product_brand":[],"product_cat":[20],"product_tag":[],"class_list":{"0":"post-245","1":"product","2":"type-product","3":"status-publish","4":"has-post-thumbnail","6":"product_cat-hettejakker","8":"first","9":"instock","10":"shipping-taxable","11":"purchasable","12":"product-type-variable"},"_links":{"self":[{"href":"https:\/\/skolexpress.no\/oasen\/wp-json\/wp\/v2\/product\/245","targetHints":{"allow":["GET"]}}],"collection":[{"href":"https:\/\/skolexpress.no\/oasen\/wp-json\/wp\/v2\/product"}],"about":[{"href":"https:\/\/skolexpress.no\/oasen\/wp-json\/wp\/v2\/types\/product"}],"replies":[{"embeddable":true,"href":"https:\/\/skolexpress.no\/oasen\/wp-json\/wp\/v2\/comments?post=245"}],"wp:featuredmedia":[{"embeddable":true,"href":"https:\/\/skolexpress.no\/oasen\/wp-json\/wp\/v2\/media\/1017"}],"wp:attachment":[{"href":"https:\/\/skolexpress.no\/oasen\/wp-json\/wp\/v2\/media?parent=245"}],"wp:term":[{"taxonomy":"product_brand","embeddable":true,"href":"https:\/\/skolexpress.no\/oasen\/wp-json\/wp\/v2\/product_brand?post=245"},{"taxonomy":"product_cat","embeddable":true,"href":"https:\/\/skolexpress.no\/oasen\/wp-json\/wp\/v2\/product_cat?post=245"},{"taxonomy":"product_tag","embeddable":true,"href":"https:\/\/skolexpress.no\/oasen\/wp-json\/wp\/v2\/product_tag?post=245"}],"curies":[{"name":"wp","href":"https:\/\/api.w.org\/{rel}","templated":true}]}}